(6).
-12
Let i(b) = b - 21. What is i(-16)?
-37
Let q(t) = t**3 + 7*t**2 - 9*t + 81. Calculate q(-9).
0
Let k(i) = 45*i - 366. Determine k(8).
-6
Let b(s) = -s**3 + s - 11. Calculate b(0).
-11
Let p(v) = -17*v + 3. Calculate p(1).
-14
Let w(g) = g**3 - 3*g**2 + 3*g. Determine w(3).
9
Let p(u) = -u**3 + 10*u**2 - 10*u - 8. Determine p(6).
76
Let w(k) = -k**2 - 10*k - 3. What is w(-4)?
21
Let c(f) = 6*f - 140. Calculate c(23).
-2
Let n(v) = v**2 + 13*v - 20. Calculate n(-14).
-6
Let i(r) = -12*r**2 + 2*r. What is i(2)?
-44
Let n(o) = 32*o - 2. What is n(-1)?
-34
Let j(p) = p**3 + p**2 - 5*p - 10. Give j(-3).
-13
Let a(c) = 2*c**2 + 5*c - 1. Calculate a(-2).
-3
Let n(q) = 2*q - 45. Determine n(19).
-7
Let x(q) = -q**3 - 9*q**2 + 11*q + 18. What is x(-10)?
8
Let h(i) = -6*i - 64. Give h(-10).
-4
Let v(z) = 2*z**2 - 53*z - 33. Determine v(27).
-6
Let w(g) = -g**3 + 2*g**2 - 3*g + 2. Calculate w(3).
-16
Let i(j) = -j**3 + 7*j**2 + 8*j - 1. What is i(8)?
-1
Let g(y) = 2*y**2 + 13*y + 12. Give g(-5).
-3
Let i(f) = -12*f**2 - 15*f + 33. Calculate i(2).
-45
Let k(w) = -w**3 - 3*w**2 - 3*w + 3. Calculate k(-3).
12
Let j(a) = 2*a - 6. Give j(10).
14
Let p(j) = j**3 + 3*j**2 - 7*j - 6. Determine p(-4).
6
Let n(z) = z**3 - 9*z**2 + 2*z + 10. What is n(9)?
28
Let v(h) = -h**2 + 11*h + 27. What is v(10)?
37
Let r(t) = -t**3 + 2*t**2 + 4*t - 8. Determine r(2).
0
Let w(u) = u**3 - 6*u**2 - 3*u - 10. Determine w(7).
18
Let z(x) = 2*x + 6. Determine z(5).
16
Let i(r) = -4*r + 90. Determine i(27).
-18
Let a(k) = k**2 - k + 38. Give a(0).
38
Let w(j) = -2*j**2 + j. Calculate w(-3).
-21
Let s(g) = 54*g**3 - g**2 - 2*g - 1. Calculate s(-1).
-54
Let p(s) = 3*s**3 + 2*s**2 + 2. Calculate p(-2).
-14
Let o(k) = k**3 + 2*k**2 + 8*k + 32. Determine o(-3).
-1
Let c(s) = -s + 9. What is c(5)?
4
Let c(v) = -v**2 - 2*v - 8. What is c(-4)?
-16
Let z(r) = -r**2 - 3*r - 5. Give z(-3).
-5
Let b(h) = h**2 - 9*h - 9. What is b(10)?
1
Let v(t) = -2*t**3 - 7*t**2 - t - 1. Determine v(-3).
-7
Let d(r) = r**2 - 4*r + 1. Calculate d(2).
-3
Let i(p) = -p**3 - 17*p**2 + p + 56. Determine i(-17).
39
Let f(z) = 7*z**2 - z - 6. Determine f(-2).
24
Let x(a) = -a**3 + a - 15. Calculate x(0).
-15
Let s(z) = 2*z - 4. Give s(-5).
-14
Let f(l) = l**3 - 11*l**2 + 28*l - 102. Determine f(9).
-12
Let g(t) = t**3 - 7*t**2 + 7*t - 1. Calculate g(6).
5
Let h(o) = o**3 + 25*o**2 - 53*o + 22. Calculate h(-27).
-5
Let h(u) = 4*u**2 - 2*u. Calculate h(3).
30
Let j(r) = 33*r - 53. Determine j(2).
13
Let u(b) = -121*b + 597. Calculate u(5).
-8
Let v(w) = -2*w + 4. Determine v(7).
-10
Let p(n) = -n**3 - 11*n**2 - 4*n - 20. What is p(-11)?
24
Let t(p) = 2*p**3 + 19*p**2 - 35*p - 25. Give t(-11).
-3
Let v(r) = 3*r - 3. Calculate v(3).
6
Let f(l) = l**3 - 5*l**2 - 3*l + 2. Calculate f(6).
20
Let z(n) = -16*n - 5. Determine z(-2).
27
Let o(v) = 9*v + 6. What is o(-4)?
-30
Let k(a) = 7*a + 1. What is k(-1)?
-6
Let v(m) = -m - 9. Calculate v(5).
-14
Let s(h) = -3*h**3 - 58*h**2 - 21*h - 45. Give s(-19).
-7
Let w(a) = 27*a + 103. Determine w(-4).
-5
Let j(y) = 15*y**3 + y**2 - y + 1. Calculate j(-2).
-113
Let u(z) = -2*z**2 + 6*z + 2. Give u(-1).
-6
Let n(q) = q - 2. Calculate n(4).
2
Let v(j) = -j**2 - 3*j. Determine v(-2).
2
Let b(c) = -9*c + 76. Give b(7).
13
Let s(g) = -g**2 - 3*g - 7. What is s(-3)?
-7
Let w(g) = g**3 + 5*g**2 + g - 3. What is w(-4)?
9
Let g(f) = f**2 + 10*f - 24. Give g(5).
51
Let f(w) = 19*w - 173. Give f(9).
-2
Let y(b) = -b**3 - 5*b**2 + 6*b - 4. Give y(-6).
-4
Let f(q) = 4*q**2 + q - 1. Determine f(3).
38
Let k(t) = -30*t + 25. Calculate k(4).
-95
Let l(m) = m**2 - 12*m + 9. Determine l(4).
-23
Let i(d) = d**2 - 2*d - 30. Determine i(7).
5
Let v(r) = 10*r - 435. Determine v(45).
15
Let l(j) = -3*j + 13. Determine l(30).
-77
Let c(s) = -s**2 + 12*s - 31. What is c(6)?
5
Let f(o) = -10*o - 39. What is f(-7)?
31
Let n(k) = -7*k - 25. What is n(-5)?
10
Let w(o) = -o - 4. Give w(-14).
10
Let x(y) = 2*y**2 - 18*y - 15. What is x(10)?
5
Let l(n) = 3*n + 68. Calculate l(-22).
2
Let y(b) = -6*b**2 + 36*b + 3. Give y(6).
3
Let t(o) = -4*o + 17. What is t(10)?
-23
Let t(u) = 3*u**3 - u**2 - 3*u + 2. Give t(3).
65
Let m(t) = t**2 + 17*t + 60. Calculate m(-14).
18
Let f(h) = h**2 - 5*h - 14. Give f(7).
0
Let c(u) = -2*u**3 + 3*u**2 - 3. Determine c(3).
-30
Let x(s) = s**3 - 9*s**2 - 10*s - 12. Determine x(10).
-12
Let y(i) = 3*i + 55. Determine y(-22).
-11
Let g(u) = -46*u - 691. Determine g(-15).
-1
Let i(q) = 2*q**2 + 12*q + 21. Calculate i(-2).
5
Let q(s) = s**2 - 9*s + 9. Determine q(2).
-5
Let o(t) = -t**3 + 7*t**2 - 6*t - 9. Give o(5).
11
Let v(z) = -3*z - 29. Determine v(-10).
1
Let x(m) = 5*m**3 - 3*m**2 + m. Give x(-2).
-54
Let v(o) = o - 6. Calculate v(4).
-2
Let o(z) = z**3 + 8*z**2 + 2*z - 58. Give o(-4).
-2
Let l(v) = 14*v - 101. Calculate l(7).
-3
Let f(k) = k**2 - 23*k - 32. What is f(24)?
-8
Let u(j) = j**2 + j + 7. Calculate u(-5).
27
Let h(g) = -g**3 - 10*g**2 - 8*g + 7. Determine h(-9).
-2
Let x(j) = j**2 + 3*j + 1. Give x(-7).
29
Let k(u) = u**3 + 27*u**2 - u - 31. Determine k(-27).
-4
Let y(n) = n**3 + 5*n**2 - 119*n - 732. What is y(-7)?
3
Let p(r) = -r**3 - 9*r**2 - 10*r + 44. Determine p(-4).
4
Let s(a) = a**3 + a**2 - 5*a - 22. Determine s(-3).
-25
Let w(l) = -l**3 - 3*l**2 + 22*l + 29. What is w(-6)?
5
Let x(u) = u + 8. What is x(-4)?
4
Let r(g) = -g**3 - 3*g**2 + 17*g + 31. What is r(-5)?
-4
Let y(w) = 19*w + 4. Determine y(-2).
-34
Let z(v) = -v**2 - 26*v - 139. Give z(-9).
14
Let c(d) = -2*d - 1. Determine c(-8).
15
Let i(c) = -5*c + 1. Give i(-1).
6
Let m(v) = 30*v - 116. What is m(4)?
4
Let n(x) = -2*x - 25. What is n(-30)?
35
Let l(k) = -5*k**2 + 80*k. Calculate l(16).
0
Let c(y) = y**2 + 6*y + 5. What is c(0)?
5
Let s(x) = x - 26. Determine s(18).
-8
Let n(v) = -v**3 - 6*v**2 - v - 1. What is n(-6)?
5
Let f(t) = t**3 + 5*t**2 + 20*t + 147. Calculate f(-6).
-9
Let p(j) = -15*j - 1169. Give p(-78).
1
Let t(u) = -13*u + 10. Calculate t(3).
-29
Let j(s) = -3*s**2 - 11*s - 18. Calculate j(-4).
-22
Let v(q) = -q**2 + 7*q + 2. Give v(12).
-58
Let p(g) = -4*g**2 - g + 1. Calculate p(1).
-4
Let r(d) = 44*d + 166. What is r(-4)?
-10
Let t(v) = v**3 - 16*v**2 + 47*v - 9. Determine t(12).
-21
Let p(a) = a**3 - 35*a + 8. Determine p(6).
14
Let q(v) = v**3 + v**2 - 28. What is q(0)?
-28
Let w(l) = -l**2 + 9*l + 13. Determine w(10).
3
Let q(s) = -s + 5. Give q(-12).
17
Let d(z) = -z**3 + 4*z**2 + 26*z - 29. Give d(7).
6
Let v(q) = -5*q - 32. Give v(10).
-82
Let v(b) = -b**3 + 10*b**2 - 10*b - 8. Calculate v(8).
40
Let y(b) = 2*b**2 + 22*b + 8. What is y(-11)?
8
Let h(s) = -s**3 - 10*s**2 - s - 9. What is h(-10)?
1
Let q(r) = -3*r - 18. What is q(-10)?
12
Let l(b) = 3*b**3 - 10*b**2 + 5*b + 1. Give l(3).
7
Let n(k) = k**2 - 3*k - 43. Give n(-8).
45
Let o(x) = -4*x**2 + 32*x - 24. Calculate o(7).
4
Let s(u) = -u**3 - u**2 + 3*u. What is s(-5)?
85
Let v(w) = -w**2 + 22*w - 34. Give v(21).
-13
Let d(p) = -p**2 - 9*p + 3. Calculate d(-7).
17
Let j(m) = m**3 - 4*m**2. Give j(5).
25
Let z(y) = -3*y + 92. Determine z(0).
92
Let f(d) = 41*d + 75. Give f(-4).
-89
Let u(i) = -i**2 + 2*i + 16. Give u(6).
-8
Let r(l) = 60*l + 28. Give r(-2).
-92
Let v(q) = -35*q**2 + q + 1. Calculate v(-1).
-35
Let u(f) = f**3 - 10*f**2 + 20*f + 6. Determine u(6).
-18
Let q(g) = -g**3 - g**2 - 3*g - 5. Give q(-4).
55
Let u(d) = d**3 - d**2 - d + 1. Determine u(1).
0
Let f(x) = x**2 - 6*x + 7. Calculate f(4).
-1
Let u(c) = -11*c**3 + 2*c**2 + 3*c + 3. Give u(-2).
93
Let n(m) = m**3 - 7*m**2 + 9*m + 4. Determine n(5).
-1
Let f(w) = -w**3 - 12*w**2 + 11*w - 14. Determine f(-13).
12
Let c(o) = -4*o - 30. Give c(-7).
-2
Let c(p) = -248*p + 1490. Calculate c(6).
2
Let a(k) = k**2 - 21*k + 70. Determine a(17).
2
Let n(w) = -w + 19. Calculate n(11).
8
Let q(k) = 8*k - 23. What is q(-4)?
-55
Let r(v) = v**3 + 6*v**2 + 6*v + 7. What is r(-5)?
2
Let p(x) = 5*x**3 + x**2 - 10*x + 10. What is p(1)?
6
Let c(v) = v**3 + 3*v**2 - 9*v + 3. Determine c(-4).
23
Let j(o) = 3*o**2 - 20*o + 15. What is j(5)?
-10
Let k(o) = 5*o**2 - 107*o + 39. Determine k(21).
-3
Let a(h) = -5*h + 27. Calculate a(6).
-3
Let a(x) = 2*x**3 + x**2 + 2*x + 7. Give a(-3).
-44
Let q(n) = -n**3 + 9*n**2 + 10*n + 9. What is q(10)?
9
Let i(k) = -k**2 - 17*k 